{"id":6534,"date":"2025-05-02T21:41:08","date_gmt":"2025-05-02T19:41:08","guid":{"rendered":"https:\/\/havan.fr\/?post_type=product&#038;p=6534"},"modified":"2025-05-02T21:44:00","modified_gmt":"2025-05-02T19:44:00","slug":"grille-daeration-basse-16-cm","status":"publish","type":"product","link":"https:\/\/havan.fr\/index.php\/produit\/grille-daeration-basse-16-cm\/","title":{"rendered":"Grille d&rsquo;a\u00e9ration basse &#8211; 16 cm2"},"content":{"rendered":"<p>Pour une homologation VASP, il ne faut surtout pas n\u00e9gliger les a\u00e9rations. Anodines, mais souvent oubli\u00e9es, les a\u00e9rations basses doivent permettre un passage d&rsquo;air permanent et respecter une surface d\u00e9pendante de la dimension du v\u00e9hicule (plus exactement de la surface projet\u00e9e au sol de votre v\u00e9hicule &#8211; longueur x largeur) dont voici un r\u00e9capitulatif \u00e0 titre indicatif :<\/p>\n<ul>\n<li>\u00a0Surface projet\u00e9e inf\u00e9rieur \u00e0 5m\u00b2 &#8211;&gt; a\u00e9ration basse minimale de 10cm\u00b2<\/li>\n<li>Surface projet\u00e9e entre 5 et 10m\u00b2 &#8211;&gt; a\u00e9ration basse minimale de 15cm\u00b2<\/li>\n<li>Surface projet\u00e9e entre 10 et 15m\u00b2 &#8211;&gt; a\u00e9ration basse minimale de 20cm\u00b2<\/li>\n<li>Surface projet\u00e9e entre 15 et 20m\u00b2 &#8211;&gt; a\u00e9ration basse minimale de 30cm\u00b2<\/li>\n<\/ul>\n<p>Chez Havan, nous proposons ici une a\u00e9ration basse de 16 cm\u00b2 permanent en deux parties :<\/p>\n<ul>\n<li>Un conduit d&rsquo;air (d&rsquo;environ 30 mm afin de passer une paroi bois, une isolation et une carrosserie\/contre marche)<\/li>\n<li>Une grille afin de diriger le flux<\/li>\n<\/ul>\n<p>Disponible en couleur noire standard.<\/p>\n<p>Il est tout \u00e0 fait possible de la personnaliser avec :<\/p>\n<ul>\n<li>Une longueur de conduit plus ou moins grande<\/li>\n<li>Un texte alternatif en remplacement du logo Havan<\/li>\n<li>Une couleur au choix<\/li>\n<li>Ajouter une moustiquaire<\/li>\n<\/ul>\n","protected":false},"excerpt":{"rendered":"<p>Chez Havan, nous proposons ici une a\u00e9ration basse de 16 cm\u00b2 permanent en deux parties :<\/p>\n<ul>\n<li>Un conduit d&rsquo;air (d&rsquo;environ 30 mm afin de passer une paroi bois, une isolation et une carrosserie\/contre marche)<\/li>\n<li>Une grille afin de diriger le flux<\/li>\n<\/ul>\n","protected":false},"featured_media":6547,"comment_status":"open","ping_status":"closed","template":"","meta":[],"product_brand":[87],"product_cat":[70,88],"product_tag":[],"class_list":{"0":"post-6534","1":"product","2":"type-product","3":"status-publish","4":"has-post-thumbnail","6":"product_brand-havan","7":"product_cat-boutique-pour-le-vehicule","8":"product_cat-equipements-exterieur","9":"product_shipping_class-1kg","10":"sales-flash-overlay","11":"woocommerce-text-align-center","12":"woocommerce-image-align-center","14":"first","15":"instock","16":"taxable","17":"shipping-taxable","18":"purchasable","19":"product-type-variable"},"yoast_head":"<!-- This site is optimized with the Yoast SEO plugin v27.4 - https:\/\/yoast.com\/product\/yoast-seo-wordpress\/ -->\n<title>Grille d&#039;a\u00e9ration basse - 16 cm2 - Havan<\/title>\n<meta name=\"robots\" content=\"index, follow, max-snippet:-1, max-image-preview:large, max-video-preview:-1\" \/>\n<link rel=\"canonical\" href=\"https:\/\/havan.fr\/index.php\/produit\/grille-daeration-basse-16-cm\/\" \/>\n<meta property=\"og:locale\" content=\"fr_FR\" \/>\n<meta property=\"og:type\" content=\"article\" \/>\n<meta property=\"og:title\" content=\"Grille d&#039;a\u00e9ration basse - 16 cm2 - Havan\" \/>\n<meta property=\"og:description\" content=\"Chez Havan, nous proposons ici une a\u00e9ration basse de 16 cm\u00b2 permanent en deux parties :   Un conduit d&#039;air (d&#039;environ 30 mm afin de passer une paroi bois, une isolation et une carrosserie\/contre marche)  Une grille afin de diriger le flux\" \/>\n<meta property=\"og:url\" content=\"https:\/\/havan.fr\/index.php\/produit\/grille-daeration-basse-16-cm\/\" \/>\n<meta property=\"og:site_name\" content=\"Havan\" \/>\n<meta property=\"article:modified_time\" content=\"2025-05-02T19:44:00+00:00\" \/>\n<meta property=\"og:image\" content=\"https:\/\/havan.fr\/wp-content\/uploads\/2025\/05\/PXL_20250502_154906884-scaled.jpg\" \/>\n\t<meta property=\"og:image:width\" content=\"2560\" \/>\n\t<meta property=\"og:image:height\" content=\"1920\" \/>\n\t<meta property=\"og:image:type\" content=\"image\/jpeg\" \/>\n<meta name=\"twitter:card\" content=\"summary_large_image\" \/>\n<meta name=\"twitter:label1\" content=\"Dur\u00e9e de lecture estim\u00e9e\" \/>\n\t<meta name=\"twitter:data1\" content=\"2 minutes\" \/>\n<script type=\"application\/ld+json\" class=\"yoast-schema-graph\">{\"@context\":\"https:\\\/\\\/schema.org\",\"@graph\":[{\"@type\":\"WebPage\",\"@id\":\"https:\\\/\\\/havan.fr\\\/index.php\\\/produit\\\/grille-daeration-basse-16-cm\\\/\",\"url\":\"https:\\\/\\\/havan.fr\\\/index.php\\\/produit\\\/grille-daeration-basse-16-cm\\\/\",\"name\":\"Grille d'a\u00e9ration basse - 16 cm2 - Havan\",\"isPartOf\":{\"@id\":\"https:\\\/\\\/havan.fr\\\/#website\"},\"primaryImageOfPage\":{\"@id\":\"https:\\\/\\\/havan.fr\\\/index.php\\\/produit\\\/grille-daeration-basse-16-cm\\\/#primaryimage\"},\"image\":{\"@id\":\"https:\\\/\\\/havan.fr\\\/index.php\\\/produit\\\/grille-daeration-basse-16-cm\\\/#primaryimage\"},\"thumbnailUrl\":\"https:\\\/\\\/i0.wp.com\\\/havan.fr\\\/wp-content\\\/uploads\\\/2025\\\/05\\\/PXL_20250502_154906884-scaled.jpg?fit=2560%2C1920&ssl=1\",\"datePublished\":\"2025-05-02T19:41:08+00:00\",\"dateModified\":\"2025-05-02T19:44:00+00:00\",\"breadcrumb\":{\"@id\":\"https:\\\/\\\/havan.fr\\\/index.php\\\/produit\\\/grille-daeration-basse-16-cm\\\/#breadcrumb\"},\"inLanguage\":\"fr-FR\",\"potentialAction\":[{\"@type\":\"ReadAction\",\"target\":[\"https:\\\/\\\/havan.fr\\\/index.php\\\/produit\\\/grille-daeration-basse-16-cm\\\/\"]}]},{\"@type\":\"ImageObject\",\"inLanguage\":\"fr-FR\",\"@id\":\"https:\\\/\\\/havan.fr\\\/index.php\\\/produit\\\/grille-daeration-basse-16-cm\\\/#primaryimage\",\"url\":\"https:\\\/\\\/i0.wp.com\\\/havan.fr\\\/wp-content\\\/uploads\\\/2025\\\/05\\\/PXL_20250502_154906884-scaled.jpg?fit=2560%2C1920&ssl=1\",\"contentUrl\":\"https:\\\/\\\/i0.wp.com\\\/havan.fr\\\/wp-content\\\/uploads\\\/2025\\\/05\\\/PXL_20250502_154906884-scaled.jpg?fit=2560%2C1920&ssl=1\",\"width\":2560,\"height\":1920},{\"@type\":\"BreadcrumbList\",\"@id\":\"https:\\\/\\\/havan.fr\\\/index.php\\\/produit\\\/grille-daeration-basse-16-cm\\\/#breadcrumb\",\"itemListElement\":[{\"@type\":\"ListItem\",\"position\":1,\"name\":\"Accueil\",\"item\":\"https:\\\/\\\/havan.fr\\\/\"},{\"@type\":\"ListItem\",\"position\":2,\"name\":\"Boutique\",\"item\":\"https:\\\/\\\/havan.fr\\\/index.php\\\/boutique\\\/\"},{\"@type\":\"ListItem\",\"position\":3,\"name\":\"Grille d&rsquo;a\u00e9ration basse &#8211; 16 cm2\"}]},{\"@type\":\"WebSite\",\"@id\":\"https:\\\/\\\/havan.fr\\\/#website\",\"url\":\"https:\\\/\\\/havan.fr\\\/\",\"name\":\"Havan\",\"description\":\"V\u00e9hicules d&#039;aventures\",\"publisher\":{\"@id\":\"https:\\\/\\\/havan.fr\\\/#organization\"},\"potentialAction\":[{\"@type\":\"SearchAction\",\"target\":{\"@type\":\"EntryPoint\",\"urlTemplate\":\"https:\\\/\\\/havan.fr\\\/?s={search_term_string}\"},\"query-input\":{\"@type\":\"PropertyValueSpecification\",\"valueRequired\":true,\"valueName\":\"search_term_string\"}}],\"inLanguage\":\"fr-FR\"},{\"@type\":\"Organization\",\"@id\":\"https:\\\/\\\/havan.fr\\\/#organization\",\"name\":\"Havan\",\"url\":\"https:\\\/\\\/havan.fr\\\/\",\"logo\":{\"@type\":\"ImageObject\",\"inLanguage\":\"fr-FR\",\"@id\":\"https:\\\/\\\/havan.fr\\\/#\\\/schema\\\/logo\\\/image\\\/\",\"url\":\"https:\\\/\\\/i0.wp.com\\\/havan.fr\\\/wp-content\\\/uploads\\\/2024\\\/12\\\/cropped-Logo-havan-vect.png?fit=1861%2C558&ssl=1\",\"contentUrl\":\"https:\\\/\\\/i0.wp.com\\\/havan.fr\\\/wp-content\\\/uploads\\\/2024\\\/12\\\/cropped-Logo-havan-vect.png?fit=1861%2C558&ssl=1\",\"width\":1861,\"height\":558,\"caption\":\"Havan\"},\"image\":{\"@id\":\"https:\\\/\\\/havan.fr\\\/#\\\/schema\\\/logo\\\/image\\\/\"}}]}<\/script>\n<!-- \/ Yoast SEO plugin. -->","yoast_head_json":{"title":"Grille d'a\u00e9ration basse - 16 cm2 - Havan","robots":{"index":"index","follow":"follow","max-snippet":"max-snippet:-1","max-image-preview":"max-image-preview:large","max-video-preview":"max-video-preview:-1"},"canonical":"https:\/\/havan.fr\/index.php\/produit\/grille-daeration-basse-16-cm\/","og_locale":"fr_FR","og_type":"article","og_title":"Grille d'a\u00e9ration basse - 16 cm2 - Havan","og_description":"Chez Havan, nous proposons ici une a\u00e9ration basse de 16 cm\u00b2 permanent en deux parties :   Un conduit d'air (d'environ 30 mm afin de passer une paroi bois, une isolation et une carrosserie\/contre marche)  Une grille afin de diriger le flux","og_url":"https:\/\/havan.fr\/index.php\/produit\/grille-daeration-basse-16-cm\/","og_site_name":"Havan","article_modified_time":"2025-05-02T19:44:00+00:00","og_image":[{"width":2560,"height":1920,"url":"https:\/\/havan.fr\/wp-content\/uploads\/2025\/05\/PXL_20250502_154906884-scaled.jpg","type":"image\/jpeg"}],"twitter_card":"summary_large_image","twitter_misc":{"Dur\u00e9e de lecture estim\u00e9e":"2 minutes"},"schema":{"@context":"https:\/\/schema.org","@graph":[{"@type":"WebPage","@id":"https:\/\/havan.fr\/index.php\/produit\/grille-daeration-basse-16-cm\/","url":"https:\/\/havan.fr\/index.php\/produit\/grille-daeration-basse-16-cm\/","name":"Grille d'a\u00e9ration basse - 16 cm2 - Havan","isPartOf":{"@id":"https:\/\/havan.fr\/#website"},"primaryImageOfPage":{"@id":"https:\/\/havan.fr\/index.php\/produit\/grille-daeration-basse-16-cm\/#primaryimage"},"image":{"@id":"https:\/\/havan.fr\/index.php\/produit\/grille-daeration-basse-16-cm\/#primaryimage"},"thumbnailUrl":"https:\/\/i0.wp.com\/havan.fr\/wp-content\/uploads\/2025\/05\/PXL_20250502_154906884-scaled.jpg?fit=2560%2C1920&ssl=1","datePublished":"2025-05-02T19:41:08+00:00","dateModified":"2025-05-02T19:44:00+00:00","breadcrumb":{"@id":"https:\/\/havan.fr\/index.php\/produit\/grille-daeration-basse-16-cm\/#breadcrumb"},"inLanguage":"fr-FR","potentialAction":[{"@type":"ReadAction","target":["https:\/\/havan.fr\/index.php\/produit\/grille-daeration-basse-16-cm\/"]}]},{"@type":"ImageObject","inLanguage":"fr-FR","@id":"https:\/\/havan.fr\/index.php\/produit\/grille-daeration-basse-16-cm\/#primaryimage","url":"https:\/\/i0.wp.com\/havan.fr\/wp-content\/uploads\/2025\/05\/PXL_20250502_154906884-scaled.jpg?fit=2560%2C1920&ssl=1","contentUrl":"https:\/\/i0.wp.com\/havan.fr\/wp-content\/uploads\/2025\/05\/PXL_20250502_154906884-scaled.jpg?fit=2560%2C1920&ssl=1","width":2560,"height":1920},{"@type":"BreadcrumbList","@id":"https:\/\/havan.fr\/index.php\/produit\/grille-daeration-basse-16-cm\/#breadcrumb","itemListElement":[{"@type":"ListItem","position":1,"name":"Accueil","item":"https:\/\/havan.fr\/"},{"@type":"ListItem","position":2,"name":"Boutique","item":"https:\/\/havan.fr\/index.php\/boutique\/"},{"@type":"ListItem","position":3,"name":"Grille d&rsquo;a\u00e9ration basse &#8211; 16 cm2"}]},{"@type":"WebSite","@id":"https:\/\/havan.fr\/#website","url":"https:\/\/havan.fr\/","name":"Havan","description":"V\u00e9hicules d&#039;aventures","publisher":{"@id":"https:\/\/havan.fr\/#organization"},"potentialAction":[{"@type":"SearchAction","target":{"@type":"EntryPoint","urlTemplate":"https:\/\/havan.fr\/?s={search_term_string}"},"query-input":{"@type":"PropertyValueSpecification","valueRequired":true,"valueName":"search_term_string"}}],"inLanguage":"fr-FR"},{"@type":"Organization","@id":"https:\/\/havan.fr\/#organization","name":"Havan","url":"https:\/\/havan.fr\/","logo":{"@type":"ImageObject","inLanguage":"fr-FR","@id":"https:\/\/havan.fr\/#\/schema\/logo\/image\/","url":"https:\/\/i0.wp.com\/havan.fr\/wp-content\/uploads\/2024\/12\/cropped-Logo-havan-vect.png?fit=1861%2C558&ssl=1","contentUrl":"https:\/\/i0.wp.com\/havan.fr\/wp-content\/uploads\/2024\/12\/cropped-Logo-havan-vect.png?fit=1861%2C558&ssl=1","width":1861,"height":558,"caption":"Havan"},"image":{"@id":"https:\/\/havan.fr\/#\/schema\/logo\/image\/"}}]}},"jetpack_sharing_enabled":true,"_links":{"self":[{"href":"https:\/\/havan.fr\/index.php\/wp-json\/wp\/v2\/product\/6534","targetHints":{"allow":["GET"]}}],"collection":[{"href":"https:\/\/havan.fr\/index.php\/wp-json\/wp\/v2\/product"}],"about":[{"href":"https:\/\/havan.fr\/index.php\/wp-json\/wp\/v2\/types\/product"}],"replies":[{"embeddable":true,"href":"https:\/\/havan.fr\/index.php\/wp-json\/wp\/v2\/comments?post=6534"}],"wp:featuredmedia":[{"embeddable":true,"href":"https:\/\/havan.fr\/index.php\/wp-json\/wp\/v2\/media\/6547"}],"wp:attachment":[{"href":"https:\/\/havan.fr\/index.php\/wp-json\/wp\/v2\/media?parent=6534"}],"wp:term":[{"taxonomy":"product_brand","embeddable":true,"href":"https:\/\/havan.fr\/index.php\/wp-json\/wp\/v2\/product_brand?post=6534"},{"taxonomy":"product_cat","embeddable":true,"href":"https:\/\/havan.fr\/index.php\/wp-json\/wp\/v2\/product_cat?post=6534"},{"taxonomy":"product_tag","embeddable":true,"href":"https:\/\/havan.fr\/index.php\/wp-json\/wp\/v2\/product_tag?post=6534"}],"curies":[{"name":"wp","href":"https:\/\/api.w.org\/{rel}","templated":true}]}}