{"id":6430,"date":"2025-02-21T11:44:22","date_gmt":"2025-02-21T10:44:22","guid":{"rendered":"https:\/\/havan.fr\/?post_type=product&#038;p=6430"},"modified":"2025-06-12T11:00:29","modified_gmt":"2025-06-12T09:00:29","slug":"kit-colonne-arriere-camper-stellantis-k0-medium","status":"publish","type":"product","link":"https:\/\/havan.fr\/index.php\/produit\/kit-colonne-arriere-camper-stellantis-k0-medium\/","title":{"rendered":"Kit Colonne arri\u00e8re &#8211; Camper Stellantis K0 Medium"},"content":{"rendered":"<p><strong>Havan<\/strong> vous propose un meuble de cuisine \u00e9quip\u00e9 et compact, adapt\u00e9 aux formes complexes de nos chers version <strong>medium Peugeot expert, Citro\u00ebn Jumpy, Opel Vivaro, Fiat Scudo ou encore Toyota Proace<\/strong> (apr\u00e8s 2016). Con\u00e7u et fabriqu\u00e9 pour durer, il est optimis\u00e9 afin d&rsquo;utiliser le moindre volume disponible.<\/p>\n<p>Il fait \u00e9galement partis de nos am\u00e9nagements en kit homologu\u00e9, et peut donc s&rsquo;inscrire dans un dossier de certification vers une <strong>transformation VASP<\/strong> !<\/p>\n<p>Totalement personnalisable, vous pourrez choisir parmi une gamme de couleurs et mat\u00e9riaux votre ensemble cuisine, mais \u00e9galement ajouter des options qui feront de votre am\u00e9nagement un espace de vie unique.<\/p>\n<p><span style=\"text-decoration: underline;\">D\u00e9tails et \u00e9quipements de s\u00e9rie :<\/span><\/p>\n<ul>\n<li>Structure bois en contreplaqu\u00e9 de peuplier<\/li>\n<\/ul>\n<p><span style=\"text-decoration: underline;\">Personnalisation :<\/span><\/p>\n<ol>\n<li>Facades :\n<ul>\n<li>Contreplaqu\u00e9 brut vernis<\/li>\n<li>Contreplaqu\u00e9 avec plaquage sur demande (voir catalogue de nos placages disponibles)<\/li>\n<\/ul>\n<\/li>\n<\/ol>\n","protected":false},"excerpt":{"rendered":"[3d_viewer id=6019]\n","protected":false},"featured_media":6444,"comment_status":"open","ping_status":"closed","template":"","meta":[],"product_brand":[87],"product_cat":[70,53],"product_tag":[],"class_list":{"0":"post-6430","1":"product","2":"type-product","3":"status-publish","4":"has-post-thumbnail","6":"product_brand-havan","7":"product_cat-boutique-pour-le-vehicule","8":"product_cat-mobilier-en-kit","9":"sales-flash-overlay","10":"woocommerce-text-align-center","11":"woocommerce-image-align-center","13":"first","14":"instock","15":"taxable","16":"shipping-taxable","17":"purchasable","18":"product-type-variable"},"yoast_head":"<!-- This site is optimized with the Yoast SEO plugin v27.4 - https:\/\/yoast.com\/product\/yoast-seo-wordpress\/ -->\n<title>Kit Colonne arri\u00e8re - Camper Stellantis K0 Medium - Havan<\/title>\n<meta name=\"description\" content=\"Havan vous propose un meuble de cuisine \u00e9quip\u00e9 et compact, adapt\u00e9 aux formes complexes des Expert, Jumpy, Vivaro, Scudo ou encore Proace\" \/>\n<meta name=\"robots\" content=\"index, follow, max-snippet:-1, max-image-preview:large, max-video-preview:-1\" \/>\n<link rel=\"canonical\" href=\"https:\/\/havan.fr\/index.php\/produit\/kit-colonne-arriere-camper-stellantis-k0-medium\/\" \/>\n<meta property=\"og:locale\" content=\"fr_FR\" \/>\n<meta property=\"og:type\" content=\"article\" \/>\n<meta property=\"og:title\" content=\"Kit Colonne arri\u00e8re - Camper Stellantis K0 Medium - Havan\" \/>\n<meta property=\"og:description\" content=\"Havan vous propose un meuble de cuisine \u00e9quip\u00e9 et compact, adapt\u00e9 aux formes complexes des Expert, Jumpy, Vivaro, Scudo ou encore Proace\" \/>\n<meta property=\"og:url\" content=\"https:\/\/havan.fr\/index.php\/produit\/kit-colonne-arriere-camper-stellantis-k0-medium\/\" \/>\n<meta property=\"og:site_name\" content=\"Havan\" \/>\n<meta property=\"article:modified_time\" content=\"2025-06-12T09:00:29+00:00\" \/>\n<meta property=\"og:image\" content=\"https:\/\/havan.fr\/wp-content\/uploads\/2025\/02\/BREEZE_COLONNE-3.png\" \/>\n\t<meta property=\"og:image:width\" content=\"1920\" \/>\n\t<meta property=\"og:image:height\" content=\"1080\" \/>\n\t<meta property=\"og:image:type\" content=\"image\/png\" \/>\n<meta name=\"twitter:card\" content=\"summary_large_image\" \/>\n<meta name=\"twitter:label1\" content=\"Dur\u00e9e de lecture estim\u00e9e\" \/>\n\t<meta name=\"twitter:data1\" content=\"1 minute\" \/>\n<script type=\"application\/ld+json\" class=\"yoast-schema-graph\">{\"@context\":\"https:\\\/\\\/schema.org\",\"@graph\":[{\"@type\":\"WebPage\",\"@id\":\"https:\\\/\\\/havan.fr\\\/index.php\\\/produit\\\/kit-colonne-arriere-camper-stellantis-k0-medium\\\/\",\"url\":\"https:\\\/\\\/havan.fr\\\/index.php\\\/produit\\\/kit-colonne-arriere-camper-stellantis-k0-medium\\\/\",\"name\":\"Kit Colonne arri\u00e8re - Camper Stellantis K0 Medium - Havan\",\"isPartOf\":{\"@id\":\"https:\\\/\\\/havan.fr\\\/#website\"},\"primaryImageOfPage\":{\"@id\":\"https:\\\/\\\/havan.fr\\\/index.php\\\/produit\\\/kit-colonne-arriere-camper-stellantis-k0-medium\\\/#primaryimage\"},\"image\":{\"@id\":\"https:\\\/\\\/havan.fr\\\/index.php\\\/produit\\\/kit-colonne-arriere-camper-stellantis-k0-medium\\\/#primaryimage\"},\"thumbnailUrl\":\"https:\\\/\\\/i0.wp.com\\\/havan.fr\\\/wp-content\\\/uploads\\\/2025\\\/02\\\/BREEZE_COLONNE-3.png?fit=1920%2C1080&ssl=1\",\"datePublished\":\"2025-02-21T10:44:22+00:00\",\"dateModified\":\"2025-06-12T09:00:29+00:00\",\"description\":\"Havan vous propose un meuble de cuisine \u00e9quip\u00e9 et compact, adapt\u00e9 aux formes complexes des Expert, Jumpy, Vivaro, Scudo ou encore Proace\",\"breadcrumb\":{\"@id\":\"https:\\\/\\\/havan.fr\\\/index.php\\\/produit\\\/kit-colonne-arriere-camper-stellantis-k0-medium\\\/#breadcrumb\"},\"inLanguage\":\"fr-FR\",\"potentialAction\":[{\"@type\":\"ReadAction\",\"target\":[\"https:\\\/\\\/havan.fr\\\/index.php\\\/produit\\\/kit-colonne-arriere-camper-stellantis-k0-medium\\\/\"]}]},{\"@type\":\"ImageObject\",\"inLanguage\":\"fr-FR\",\"@id\":\"https:\\\/\\\/havan.fr\\\/index.php\\\/produit\\\/kit-colonne-arriere-camper-stellantis-k0-medium\\\/#primaryimage\",\"url\":\"https:\\\/\\\/i0.wp.com\\\/havan.fr\\\/wp-content\\\/uploads\\\/2025\\\/02\\\/BREEZE_COLONNE-3.png?fit=1920%2C1080&ssl=1\",\"contentUrl\":\"https:\\\/\\\/i0.wp.com\\\/havan.fr\\\/wp-content\\\/uploads\\\/2025\\\/02\\\/BREEZE_COLONNE-3.png?fit=1920%2C1080&ssl=1\",\"width\":1920,\"height\":1080},{\"@type\":\"BreadcrumbList\",\"@id\":\"https:\\\/\\\/havan.fr\\\/index.php\\\/produit\\\/kit-colonne-arriere-camper-stellantis-k0-medium\\\/#breadcrumb\",\"itemListElement\":[{\"@type\":\"ListItem\",\"position\":1,\"name\":\"Accueil\",\"item\":\"https:\\\/\\\/havan.fr\\\/\"},{\"@type\":\"ListItem\",\"position\":2,\"name\":\"Boutique\",\"item\":\"https:\\\/\\\/havan.fr\\\/index.php\\\/boutique\\\/\"},{\"@type\":\"ListItem\",\"position\":3,\"name\":\"Kit Colonne arri\u00e8re &#8211; Camper Stellantis K0 Medium\"}]},{\"@type\":\"WebSite\",\"@id\":\"https:\\\/\\\/havan.fr\\\/#website\",\"url\":\"https:\\\/\\\/havan.fr\\\/\",\"name\":\"Havan\",\"description\":\"V\u00e9hicules d&#039;aventures\",\"publisher\":{\"@id\":\"https:\\\/\\\/havan.fr\\\/#organization\"},\"potentialAction\":[{\"@type\":\"SearchAction\",\"target\":{\"@type\":\"EntryPoint\",\"urlTemplate\":\"https:\\\/\\\/havan.fr\\\/?s={search_term_string}\"},\"query-input\":{\"@type\":\"PropertyValueSpecification\",\"valueRequired\":true,\"valueName\":\"search_term_string\"}}],\"inLanguage\":\"fr-FR\"},{\"@type\":\"Organization\",\"@id\":\"https:\\\/\\\/havan.fr\\\/#organization\",\"name\":\"Havan\",\"url\":\"https:\\\/\\\/havan.fr\\\/\",\"logo\":{\"@type\":\"ImageObject\",\"inLanguage\":\"fr-FR\",\"@id\":\"https:\\\/\\\/havan.fr\\\/#\\\/schema\\\/logo\\\/image\\\/\",\"url\":\"https:\\\/\\\/i0.wp.com\\\/havan.fr\\\/wp-content\\\/uploads\\\/2024\\\/12\\\/cropped-Logo-havan-vect.png?fit=1861%2C558&ssl=1\",\"contentUrl\":\"https:\\\/\\\/i0.wp.com\\\/havan.fr\\\/wp-content\\\/uploads\\\/2024\\\/12\\\/cropped-Logo-havan-vect.png?fit=1861%2C558&ssl=1\",\"width\":1861,\"height\":558,\"caption\":\"Havan\"},\"image\":{\"@id\":\"https:\\\/\\\/havan.fr\\\/#\\\/schema\\\/logo\\\/image\\\/\"}}]}<\/script>\n<!-- \/ Yoast SEO plugin. -->","yoast_head_json":{"title":"Kit Colonne arri\u00e8re - Camper Stellantis K0 Medium - Havan","description":"Havan vous propose un meuble de cuisine \u00e9quip\u00e9 et compact, adapt\u00e9 aux formes complexes des Expert, Jumpy, Vivaro, Scudo ou encore Proace","robots":{"index":"index","follow":"follow","max-snippet":"max-snippet:-1","max-image-preview":"max-image-preview:large","max-video-preview":"max-video-preview:-1"},"canonical":"https:\/\/havan.fr\/index.php\/produit\/kit-colonne-arriere-camper-stellantis-k0-medium\/","og_locale":"fr_FR","og_type":"article","og_title":"Kit Colonne arri\u00e8re - Camper Stellantis K0 Medium - Havan","og_description":"Havan vous propose un meuble de cuisine \u00e9quip\u00e9 et compact, adapt\u00e9 aux formes complexes des Expert, Jumpy, Vivaro, Scudo ou encore Proace","og_url":"https:\/\/havan.fr\/index.php\/produit\/kit-colonne-arriere-camper-stellantis-k0-medium\/","og_site_name":"Havan","article_modified_time":"2025-06-12T09:00:29+00:00","og_image":[{"width":1920,"height":1080,"url":"https:\/\/havan.fr\/wp-content\/uploads\/2025\/02\/BREEZE_COLONNE-3.png","type":"image\/png"}],"twitter_card":"summary_large_image","twitter_misc":{"Dur\u00e9e de lecture estim\u00e9e":"1 minute"},"schema":{"@context":"https:\/\/schema.org","@graph":[{"@type":"WebPage","@id":"https:\/\/havan.fr\/index.php\/produit\/kit-colonne-arriere-camper-stellantis-k0-medium\/","url":"https:\/\/havan.fr\/index.php\/produit\/kit-colonne-arriere-camper-stellantis-k0-medium\/","name":"Kit Colonne arri\u00e8re - Camper Stellantis K0 Medium - Havan","isPartOf":{"@id":"https:\/\/havan.fr\/#website"},"primaryImageOfPage":{"@id":"https:\/\/havan.fr\/index.php\/produit\/kit-colonne-arriere-camper-stellantis-k0-medium\/#primaryimage"},"image":{"@id":"https:\/\/havan.fr\/index.php\/produit\/kit-colonne-arriere-camper-stellantis-k0-medium\/#primaryimage"},"thumbnailUrl":"https:\/\/i0.wp.com\/havan.fr\/wp-content\/uploads\/2025\/02\/BREEZE_COLONNE-3.png?fit=1920%2C1080&ssl=1","datePublished":"2025-02-21T10:44:22+00:00","dateModified":"2025-06-12T09:00:29+00:00","description":"Havan vous propose un meuble de cuisine \u00e9quip\u00e9 et compact, adapt\u00e9 aux formes complexes des Expert, Jumpy, Vivaro, Scudo ou encore Proace","breadcrumb":{"@id":"https:\/\/havan.fr\/index.php\/produit\/kit-colonne-arriere-camper-stellantis-k0-medium\/#breadcrumb"},"inLanguage":"fr-FR","potentialAction":[{"@type":"ReadAction","target":["https:\/\/havan.fr\/index.php\/produit\/kit-colonne-arriere-camper-stellantis-k0-medium\/"]}]},{"@type":"ImageObject","inLanguage":"fr-FR","@id":"https:\/\/havan.fr\/index.php\/produit\/kit-colonne-arriere-camper-stellantis-k0-medium\/#primaryimage","url":"https:\/\/i0.wp.com\/havan.fr\/wp-content\/uploads\/2025\/02\/BREEZE_COLONNE-3.png?fit=1920%2C1080&ssl=1","contentUrl":"https:\/\/i0.wp.com\/havan.fr\/wp-content\/uploads\/2025\/02\/BREEZE_COLONNE-3.png?fit=1920%2C1080&ssl=1","width":1920,"height":1080},{"@type":"BreadcrumbList","@id":"https:\/\/havan.fr\/index.php\/produit\/kit-colonne-arriere-camper-stellantis-k0-medium\/#breadcrumb","itemListElement":[{"@type":"ListItem","position":1,"name":"Accueil","item":"https:\/\/havan.fr\/"},{"@type":"ListItem","position":2,"name":"Boutique","item":"https:\/\/havan.fr\/index.php\/boutique\/"},{"@type":"ListItem","position":3,"name":"Kit Colonne arri\u00e8re &#8211; Camper Stellantis K0 Medium"}]},{"@type":"WebSite","@id":"https:\/\/havan.fr\/#website","url":"https:\/\/havan.fr\/","name":"Havan","description":"V\u00e9hicules d&#039;aventures","publisher":{"@id":"https:\/\/havan.fr\/#organization"},"potentialAction":[{"@type":"SearchAction","target":{"@type":"EntryPoint","urlTemplate":"https:\/\/havan.fr\/?s={search_term_string}"},"query-input":{"@type":"PropertyValueSpecification","valueRequired":true,"valueName":"search_term_string"}}],"inLanguage":"fr-FR"},{"@type":"Organization","@id":"https:\/\/havan.fr\/#organization","name":"Havan","url":"https:\/\/havan.fr\/","logo":{"@type":"ImageObject","inLanguage":"fr-FR","@id":"https:\/\/havan.fr\/#\/schema\/logo\/image\/","url":"https:\/\/i0.wp.com\/havan.fr\/wp-content\/uploads\/2024\/12\/cropped-Logo-havan-vect.png?fit=1861%2C558&ssl=1","contentUrl":"https:\/\/i0.wp.com\/havan.fr\/wp-content\/uploads\/2024\/12\/cropped-Logo-havan-vect.png?fit=1861%2C558&ssl=1","width":1861,"height":558,"caption":"Havan"},"image":{"@id":"https:\/\/havan.fr\/#\/schema\/logo\/image\/"}}]}},"jetpack_sharing_enabled":true,"_links":{"self":[{"href":"https:\/\/havan.fr\/index.php\/wp-json\/wp\/v2\/product\/6430","targetHints":{"allow":["GET"]}}],"collection":[{"href":"https:\/\/havan.fr\/index.php\/wp-json\/wp\/v2\/product"}],"about":[{"href":"https:\/\/havan.fr\/index.php\/wp-json\/wp\/v2\/types\/product"}],"replies":[{"embeddable":true,"href":"https:\/\/havan.fr\/index.php\/wp-json\/wp\/v2\/comments?post=6430"}],"wp:featuredmedia":[{"embeddable":true,"href":"https:\/\/havan.fr\/index.php\/wp-json\/wp\/v2\/media\/6444"}],"wp:attachment":[{"href":"https:\/\/havan.fr\/index.php\/wp-json\/wp\/v2\/media?parent=6430"}],"wp:term":[{"taxonomy":"product_brand","embeddable":true,"href":"https:\/\/havan.fr\/index.php\/wp-json\/wp\/v2\/product_brand?post=6430"},{"taxonomy":"product_cat","embeddable":true,"href":"https:\/\/havan.fr\/index.php\/wp-json\/wp\/v2\/product_cat?post=6430"},{"taxonomy":"product_tag","embeddable":true,"href":"https:\/\/havan.fr\/index.php\/wp-json\/wp\/v2\/product_tag?post=6430"}],"curies":[{"name":"wp","href":"https:\/\/api.w.org\/{rel}","templated":true}]}}

Kit Colonne arrière &#8211; Camper Stellantis K0 Medium

<p><strong>Havan</strong> vous propose un meuble de cuisine équipé et compact, adapté aux formes complexes de nos chers version <strong>medium Peugeot expert, Citroën Jumpy, Opel Vivaro, Fiat Scudo ou encore Toyota Proace</strong> (après 2016). Conçu et fabriqué pour durer, il est optimisé afin d&rsquo;utiliser le moindre volume disponible.</p>
<p>Il fait également partis de nos aménagements en kit homologué, et peut donc s&rsquo;inscrire dans un dossier de certification vers une <strong>transformation VASP</strong> !</p>
<p>Totalement personnalisable, vous pourrez choisir parmi une gamme de couleurs et matériaux votre ensemble cuisine, mais également ajouter des options qui feront de votre aménagement un espace de vie unique.</p>
<p><span style="text-decoration: underline;">Détails et équipements de série :</span></p>
<ul>
<li>Structure bois en contreplaqué de peuplier</li>
</ul>
<p><span style="text-decoration: underline;">Personnalisation :</span></p>
<ol>
<li>Facades :
<ul>
<li>Contreplaqué brut vernis</li>
<li>Contreplaqué avec plaquage sur demande (voir catalogue de nos placages disponibles)</li>
</ul>
</li>
</ol>

<!-- This site is optimized with the Yoast SEO plugin v27.4 - https://yoast.com/product/yoast-seo-wordpress/ -->
<title>Kit Colonne arrière - Camper Stellantis K0 Medium - Havan</title>
<meta name="description" content="Havan vous propose un meuble de cuisine équipé et compact, adapté aux formes complexes des Expert, Jumpy, Vivaro, Scudo ou encore Proace" />
<meta name="robots" content="index, follow, max-snippet:-1, max-image-preview:large, max-video-preview:-1" />
<link rel="canonical" href="https://havan.fr/index.php/produit/kit-colonne-arriere-camper-stellantis-k0-medium/" />
<meta property="og:locale" content="fr_FR" />
<meta property="og:type" content="article" />
<meta property="og:title" content="Kit Colonne arrière - Camper Stellantis K0 Medium - Havan" />
<meta property="og:description" content="Havan vous propose un meuble de cuisine équipé et compact, adapté aux formes complexes des Expert, Jumpy, Vivaro, Scudo ou encore Proace" />
<meta property="og:url" content="https://havan.fr/index.php/produit/kit-colonne-arriere-camper-stellantis-k0-medium/" />
<meta property="og:site_name" content="Havan" />
<meta property="article:modified_time" content="2025-06-12T09:00:29+00:00" />
<meta property="og:image" content="https://havan.fr/wp-content/uploads/2025/02/BREEZE_COLONNE-3.png" />
	<meta property="og:image:width" content="1920" />
	<meta property="og:image:height" content="1080" />
	<meta property="og:image:type" content="image/png" />
<meta name="twitter:card" content="summary_large_image" />
<meta name="twitter:label1" content="Durée de lecture estimée" />
	<meta name="twitter:data1" content="1 minute" />
<script type="application/ld+json" class="yoast-schema-graph">{"@context":"https:\/\/schema.org","@graph":[{"@type":"WebPage","@id":"https:\/\/havan.fr\/index.php\/produit\/kit-colonne-arriere-camper-stellantis-k0-medium\/","url":"https:\/\/havan.fr\/index.php\/produit\/kit-colonne-arriere-camper-stellantis-k0-medium\/","name":"Kit Colonne arrière - Camper Stellantis K0 Medium - Havan","isPartOf":{"@id":"https:\/\/havan.fr\/#website"},"primaryImageOfPage":{"@id":"https:\/\/havan.fr\/index.php\/produit\/kit-colonne-arriere-camper-stellantis-k0-medium\/#primaryimage"},"image":{"@id":"https:\/\/havan.fr\/index.php\/produit\/kit-colonne-arriere-camper-stellantis-k0-medium\/#primaryimage"},"thumbnailUrl":"https:\/\/i0.wp.com\/havan.fr\/wp-content\/uploads\/2025\/02\/BREEZE_COLONNE-3.png?fit=1920%2C1080&ssl=1","datePublished":"2025-02-21T10:44:22+00:00","dateModified":"2025-06-12T09:00:29+00:00","description":"Havan vous propose un meuble de cuisine équipé et compact, adapté aux formes complexes des Expert, Jumpy, Vivaro, Scudo ou encore Proace","breadcrumb":{"@id":"https:\/\/havan.fr\/index.php\/produit\/kit-colonne-arriere-camper-stellantis-k0-medium\/#breadcrumb"},"inLanguage":"fr-FR","potentialAction":[{"@type":"ReadAction","target":["https:\/\/havan.fr\/index.php\/produit\/kit-colonne-arriere-camper-stellantis-k0-medium\/"]}]},{"@type":"ImageObject","inLanguage":"fr-FR","@id":"https:\/\/havan.fr\/index.php\/produit\/kit-colonne-arriere-camper-stellantis-k0-medium\/#primaryimage","url":"https:\/\/i0.wp.com\/havan.fr\/wp-content\/uploads\/2025\/02\/BREEZE_COLONNE-3.png?fit=1920%2C1080&ssl=1","contentUrl":"https:\/\/i0.wp.com\/havan.fr\/wp-content\/uploads\/2025\/02\/BREEZE_COLONNE-3.png?fit=1920%2C1080&ssl=1","width":1920,"height":1080},{"@type":"BreadcrumbList","@id":"https:\/\/havan.fr\/index.php\/produit\/kit-colonne-arriere-camper-stellantis-k0-medium\/#breadcrumb","itemListElement":[{"@type":"ListItem","position":1,"name":"Accueil","item":"https:\/\/havan.fr\/"},{"@type":"ListItem","position":2,"name":"Boutique","item":"https:\/\/havan.fr\/index.php\/boutique\/"},{"@type":"ListItem","position":3,"name":"Kit Colonne arrière &#8211; Camper Stellantis K0 Medium"}]},{"@type":"WebSite","@id":"https:\/\/havan.fr\/#website","url":"https:\/\/havan.fr\/","name":"Havan","description":"Véhicules d&#039;aventures","publisher":{"@id":"https:\/\/havan.fr\/#organization"},"potentialAction":[{"@type":"SearchAction","target":{"@type":"EntryPoint","urlTemplate":"https:\/\/havan.fr\/?s={search_term_string}"},"query-input":{"@type":"PropertyValueSpecification","valueRequired":true,"valueName":"search_term_string"}}],"inLanguage":"fr-FR"},{"@type":"Organization","@id":"https:\/\/havan.fr\/#organization","name":"Havan","url":"https:\/\/havan.fr\/","logo":{"@type":"ImageObject","inLanguage":"fr-FR","@id":"https:\/\/havan.fr\/#\/schema\/logo\/image\/","url":"https:\/\/i0.wp.com\/havan.fr\/wp-content\/uploads\/2024\/12\/cropped-Logo-havan-vect.png?fit=1861%2C558&ssl=1","contentUrl":"https:\/\/i0.wp.com\/havan.fr\/wp-content\/uploads\/2024\/12\/cropped-Logo-havan-vect.png?fit=1861%2C558&ssl=1","width":1861,"height":558,"caption":"Havan"},"image":{"@id":"https:\/\/havan.fr\/#\/schema\/logo\/image\/"}}]}</script>
<!-- / Yoast SEO plugin. -->

Kit Colonne arrière - Camper Stellantis K0 Medium - Havan

Havan vous propose un meuble de cuisine équipé et compact, adapté aux formes complexes des Expert, Jumpy, Vivaro, Scudo ou encore Proace

Véhicules d&#039;aventures
