{"id":5833,"date":"2024-12-16T22:57:11","date_gmt":"2024-12-16T21:57:11","guid":{"rendered":"https:\/\/havan.fr\/?post_type=product&#038;p=5833"},"modified":"2024-12-16T22:59:02","modified_gmt":"2024-12-16T21:59:02","slug":"formulaire-deligibilite-vasp-pour-van","status":"publish","type":"product","link":"https:\/\/havan.fr\/index.php\/produit\/formulaire-deligibilite-vasp-pour-van\/","title":{"rendered":"Formulaire d&rsquo;\u00e9ligibilit\u00e9 VASP pour Van"},"content":{"rendered":"","protected":false},"excerpt":{"rendered":"","protected":false},"featured_media":5087,"comment_status":"open","ping_status":"closed","template":"","meta":[],"product_brand":[],"product_cat":[54],"product_tag":[],"class_list":{"0":"post-5833","1":"product","2":"type-product","3":"status-publish","4":"has-post-thumbnail","6":"product_cat-prestation-architecture","7":"sales-flash-overlay","8":"woocommerce-text-align-center","9":"woocommerce-image-align-center","11":"first","12":"instock","13":"downloadable","14":"virtual","15":"sold-individually","16":"taxable","17":"purchasable","18":"product-type-simple"},"yoast_head":"<!-- This site is optimized with the Yoast SEO plugin v27.4 - https:\/\/yoast.com\/product\/yoast-seo-wordpress\/ -->\n<title>Formulaire d&#039;\u00e9ligibilit\u00e9 VASP pour Van - Havan<\/title>\n<meta name=\"description\" content=\"Un formulaire unique afin de pr\u00e9construire votre \u00e9ligibilit\u00e9 au VASP. Questionnaire en ligne, paiement en ligne, r\u00e9ponse sous 72H !\" \/>\n<meta name=\"robots\" content=\"index, follow, max-snippet:-1, max-image-preview:large, max-video-preview:-1\" \/>\n<link rel=\"canonical\" href=\"https:\/\/havan.fr\/index.php\/produit\/formulaire-deligibilite-vasp-pour-van\/\" \/>\n<meta property=\"og:locale\" content=\"fr_FR\" \/>\n<meta property=\"og:type\" content=\"article\" \/>\n<meta property=\"og:title\" content=\"Formulaire d&#039;\u00e9ligibilit\u00e9 VASP pour Van - Havan\" \/>\n<meta property=\"og:description\" content=\"Un formulaire unique afin de pr\u00e9construire votre \u00e9ligibilit\u00e9 au VASP. Questionnaire en ligne, paiement en ligne, r\u00e9ponse sous 72H !\" \/>\n<meta property=\"og:url\" content=\"https:\/\/havan.fr\/index.php\/produit\/formulaire-deligibilite-vasp-pour-van\/\" \/>\n<meta property=\"og:site_name\" content=\"Havan\" \/>\n<meta property=\"article:modified_time\" content=\"2024-12-16T21:59:02+00:00\" \/>\n<meta property=\"og:image\" content=\"https:\/\/havan.fr\/wp-content\/uploads\/2024\/10\/demarche-carte-grise-vehicule.png\" \/>\n\t<meta property=\"og:image:width\" content=\"307\" \/>\n\t<meta property=\"og:image:height\" content=\"366\" \/>\n\t<meta property=\"og:image:type\" content=\"image\/png\" \/>\n<meta name=\"twitter:card\" content=\"summary_large_image\" \/>\n<meta name=\"twitter:label1\" content=\"Dur\u00e9e de lecture estim\u00e9e\" \/>\n\t<meta name=\"twitter:data1\" content=\"1 minute\" \/>\n<script type=\"application\/ld+json\" class=\"yoast-schema-graph\">{\"@context\":\"https:\\\/\\\/schema.org\",\"@graph\":[{\"@type\":\"WebPage\",\"@id\":\"https:\\\/\\\/havan.fr\\\/index.php\\\/produit\\\/formulaire-deligibilite-vasp-pour-van\\\/\",\"url\":\"https:\\\/\\\/havan.fr\\\/index.php\\\/produit\\\/formulaire-deligibilite-vasp-pour-van\\\/\",\"name\":\"Formulaire d'\u00e9ligibilit\u00e9 VASP pour Van - Havan\",\"isPartOf\":{\"@id\":\"https:\\\/\\\/havan.fr\\\/#website\"},\"primaryImageOfPage\":{\"@id\":\"https:\\\/\\\/havan.fr\\\/index.php\\\/produit\\\/formulaire-deligibilite-vasp-pour-van\\\/#primaryimage\"},\"image\":{\"@id\":\"https:\\\/\\\/havan.fr\\\/index.php\\\/produit\\\/formulaire-deligibilite-vasp-pour-van\\\/#primaryimage\"},\"thumbnailUrl\":\"https:\\\/\\\/i0.wp.com\\\/havan.fr\\\/wp-content\\\/uploads\\\/2024\\\/10\\\/demarche-carte-grise-vehicule.png?fit=307%2C366&ssl=1\",\"datePublished\":\"2024-12-16T21:57:11+00:00\",\"dateModified\":\"2024-12-16T21:59:02+00:00\",\"description\":\"Un formulaire unique afin de pr\u00e9construire votre \u00e9ligibilit\u00e9 au VASP. Questionnaire en ligne, paiement en ligne, r\u00e9ponse sous 72H !\",\"breadcrumb\":{\"@id\":\"https:\\\/\\\/havan.fr\\\/index.php\\\/produit\\\/formulaire-deligibilite-vasp-pour-van\\\/#breadcrumb\"},\"inLanguage\":\"fr-FR\",\"potentialAction\":[{\"@type\":\"ReadAction\",\"target\":[\"https:\\\/\\\/havan.fr\\\/index.php\\\/produit\\\/formulaire-deligibilite-vasp-pour-van\\\/\"]}]},{\"@type\":\"ImageObject\",\"inLanguage\":\"fr-FR\",\"@id\":\"https:\\\/\\\/havan.fr\\\/index.php\\\/produit\\\/formulaire-deligibilite-vasp-pour-van\\\/#primaryimage\",\"url\":\"https:\\\/\\\/i0.wp.com\\\/havan.fr\\\/wp-content\\\/uploads\\\/2024\\\/10\\\/demarche-carte-grise-vehicule.png?fit=307%2C366&ssl=1\",\"contentUrl\":\"https:\\\/\\\/i0.wp.com\\\/havan.fr\\\/wp-content\\\/uploads\\\/2024\\\/10\\\/demarche-carte-grise-vehicule.png?fit=307%2C366&ssl=1\",\"width\":307,\"height\":366},{\"@type\":\"BreadcrumbList\",\"@id\":\"https:\\\/\\\/havan.fr\\\/index.php\\\/produit\\\/formulaire-deligibilite-vasp-pour-van\\\/#breadcrumb\",\"itemListElement\":[{\"@type\":\"ListItem\",\"position\":1,\"name\":\"Accueil\",\"item\":\"https:\\\/\\\/havan.fr\\\/\"},{\"@type\":\"ListItem\",\"position\":2,\"name\":\"Boutique\",\"item\":\"https:\\\/\\\/havan.fr\\\/index.php\\\/boutique\\\/\"},{\"@type\":\"ListItem\",\"position\":3,\"name\":\"Formulaire d&rsquo;\u00e9ligibilit\u00e9 VASP pour Van\"}]},{\"@type\":\"WebSite\",\"@id\":\"https:\\\/\\\/havan.fr\\\/#website\",\"url\":\"https:\\\/\\\/havan.fr\\\/\",\"name\":\"Havan\",\"description\":\"V\u00e9hicules d&#039;aventures\",\"publisher\":{\"@id\":\"https:\\\/\\\/havan.fr\\\/#organization\"},\"potentialAction\":[{\"@type\":\"SearchAction\",\"target\":{\"@type\":\"EntryPoint\",\"urlTemplate\":\"https:\\\/\\\/havan.fr\\\/?s={search_term_string}\"},\"query-input\":{\"@type\":\"PropertyValueSpecification\",\"valueRequired\":true,\"valueName\":\"search_term_string\"}}],\"inLanguage\":\"fr-FR\"},{\"@type\":\"Organization\",\"@id\":\"https:\\\/\\\/havan.fr\\\/#organization\",\"name\":\"Havan\",\"url\":\"https:\\\/\\\/havan.fr\\\/\",\"logo\":{\"@type\":\"ImageObject\",\"inLanguage\":\"fr-FR\",\"@id\":\"https:\\\/\\\/havan.fr\\\/#\\\/schema\\\/logo\\\/image\\\/\",\"url\":\"https:\\\/\\\/i0.wp.com\\\/havan.fr\\\/wp-content\\\/uploads\\\/2024\\\/12\\\/cropped-Logo-havan-vect.png?fit=1861%2C558&ssl=1\",\"contentUrl\":\"https:\\\/\\\/i0.wp.com\\\/havan.fr\\\/wp-content\\\/uploads\\\/2024\\\/12\\\/cropped-Logo-havan-vect.png?fit=1861%2C558&ssl=1\",\"width\":1861,\"height\":558,\"caption\":\"Havan\"},\"image\":{\"@id\":\"https:\\\/\\\/havan.fr\\\/#\\\/schema\\\/logo\\\/image\\\/\"}}]}<\/script>\n<!-- \/ Yoast SEO plugin. -->","yoast_head_json":{"title":"Formulaire d'\u00e9ligibilit\u00e9 VASP pour Van - Havan","description":"Un formulaire unique afin de pr\u00e9construire votre \u00e9ligibilit\u00e9 au VASP. Questionnaire en ligne, paiement en ligne, r\u00e9ponse sous 72H !","robots":{"index":"index","follow":"follow","max-snippet":"max-snippet:-1","max-image-preview":"max-image-preview:large","max-video-preview":"max-video-preview:-1"},"canonical":"https:\/\/havan.fr\/index.php\/produit\/formulaire-deligibilite-vasp-pour-van\/","og_locale":"fr_FR","og_type":"article","og_title":"Formulaire d'\u00e9ligibilit\u00e9 VASP pour Van - Havan","og_description":"Un formulaire unique afin de pr\u00e9construire votre \u00e9ligibilit\u00e9 au VASP. Questionnaire en ligne, paiement en ligne, r\u00e9ponse sous 72H !","og_url":"https:\/\/havan.fr\/index.php\/produit\/formulaire-deligibilite-vasp-pour-van\/","og_site_name":"Havan","article_modified_time":"2024-12-16T21:59:02+00:00","og_image":[{"width":307,"height":366,"url":"https:\/\/havan.fr\/wp-content\/uploads\/2024\/10\/demarche-carte-grise-vehicule.png","type":"image\/png"}],"twitter_card":"summary_large_image","twitter_misc":{"Dur\u00e9e de lecture estim\u00e9e":"1 minute"},"schema":{"@context":"https:\/\/schema.org","@graph":[{"@type":"WebPage","@id":"https:\/\/havan.fr\/index.php\/produit\/formulaire-deligibilite-vasp-pour-van\/","url":"https:\/\/havan.fr\/index.php\/produit\/formulaire-deligibilite-vasp-pour-van\/","name":"Formulaire d'\u00e9ligibilit\u00e9 VASP pour Van - Havan","isPartOf":{"@id":"https:\/\/havan.fr\/#website"},"primaryImageOfPage":{"@id":"https:\/\/havan.fr\/index.php\/produit\/formulaire-deligibilite-vasp-pour-van\/#primaryimage"},"image":{"@id":"https:\/\/havan.fr\/index.php\/produit\/formulaire-deligibilite-vasp-pour-van\/#primaryimage"},"thumbnailUrl":"https:\/\/i0.wp.com\/havan.fr\/wp-content\/uploads\/2024\/10\/demarche-carte-grise-vehicule.png?fit=307%2C366&ssl=1","datePublished":"2024-12-16T21:57:11+00:00","dateModified":"2024-12-16T21:59:02+00:00","description":"Un formulaire unique afin de pr\u00e9construire votre \u00e9ligibilit\u00e9 au VASP. Questionnaire en ligne, paiement en ligne, r\u00e9ponse sous 72H !","breadcrumb":{"@id":"https:\/\/havan.fr\/index.php\/produit\/formulaire-deligibilite-vasp-pour-van\/#breadcrumb"},"inLanguage":"fr-FR","potentialAction":[{"@type":"ReadAction","target":["https:\/\/havan.fr\/index.php\/produit\/formulaire-deligibilite-vasp-pour-van\/"]}]},{"@type":"ImageObject","inLanguage":"fr-FR","@id":"https:\/\/havan.fr\/index.php\/produit\/formulaire-deligibilite-vasp-pour-van\/#primaryimage","url":"https:\/\/i0.wp.com\/havan.fr\/wp-content\/uploads\/2024\/10\/demarche-carte-grise-vehicule.png?fit=307%2C366&ssl=1","contentUrl":"https:\/\/i0.wp.com\/havan.fr\/wp-content\/uploads\/2024\/10\/demarche-carte-grise-vehicule.png?fit=307%2C366&ssl=1","width":307,"height":366},{"@type":"BreadcrumbList","@id":"https:\/\/havan.fr\/index.php\/produit\/formulaire-deligibilite-vasp-pour-van\/#breadcrumb","itemListElement":[{"@type":"ListItem","position":1,"name":"Accueil","item":"https:\/\/havan.fr\/"},{"@type":"ListItem","position":2,"name":"Boutique","item":"https:\/\/havan.fr\/index.php\/boutique\/"},{"@type":"ListItem","position":3,"name":"Formulaire d&rsquo;\u00e9ligibilit\u00e9 VASP pour Van"}]},{"@type":"WebSite","@id":"https:\/\/havan.fr\/#website","url":"https:\/\/havan.fr\/","name":"Havan","description":"V\u00e9hicules d&#039;aventures","publisher":{"@id":"https:\/\/havan.fr\/#organization"},"potentialAction":[{"@type":"SearchAction","target":{"@type":"EntryPoint","urlTemplate":"https:\/\/havan.fr\/?s={search_term_string}"},"query-input":{"@type":"PropertyValueSpecification","valueRequired":true,"valueName":"search_term_string"}}],"inLanguage":"fr-FR"},{"@type":"Organization","@id":"https:\/\/havan.fr\/#organization","name":"Havan","url":"https:\/\/havan.fr\/","logo":{"@type":"ImageObject","inLanguage":"fr-FR","@id":"https:\/\/havan.fr\/#\/schema\/logo\/image\/","url":"https:\/\/i0.wp.com\/havan.fr\/wp-content\/uploads\/2024\/12\/cropped-Logo-havan-vect.png?fit=1861%2C558&ssl=1","contentUrl":"https:\/\/i0.wp.com\/havan.fr\/wp-content\/uploads\/2024\/12\/cropped-Logo-havan-vect.png?fit=1861%2C558&ssl=1","width":1861,"height":558,"caption":"Havan"},"image":{"@id":"https:\/\/havan.fr\/#\/schema\/logo\/image\/"}}]}},"jetpack_sharing_enabled":true,"_links":{"self":[{"href":"https:\/\/havan.fr\/index.php\/wp-json\/wp\/v2\/product\/5833","targetHints":{"allow":["GET"]}}],"collection":[{"href":"https:\/\/havan.fr\/index.php\/wp-json\/wp\/v2\/product"}],"about":[{"href":"https:\/\/havan.fr\/index.php\/wp-json\/wp\/v2\/types\/product"}],"replies":[{"embeddable":true,"href":"https:\/\/havan.fr\/index.php\/wp-json\/wp\/v2\/comments?post=5833"}],"wp:featuredmedia":[{"embeddable":true,"href":"https:\/\/havan.fr\/index.php\/wp-json\/wp\/v2\/media\/5087"}],"wp:attachment":[{"href":"https:\/\/havan.fr\/index.php\/wp-json\/wp\/v2\/media?parent=5833"}],"wp:term":[{"taxonomy":"product_brand","embeddable":true,"href":"https:\/\/havan.fr\/index.php\/wp-json\/wp\/v2\/product_brand?post=5833"},{"taxonomy":"product_cat","embeddable":true,"href":"https:\/\/havan.fr\/index.php\/wp-json\/wp\/v2\/product_cat?post=5833"},{"taxonomy":"product_tag","embeddable":true,"href":"https:\/\/havan.fr\/index.php\/wp-json\/wp\/v2\/product_tag?post=5833"}],"curies":[{"name":"wp","href":"https:\/\/api.w.org\/{rel}","templated":true}]}}